-h + 1. What is y(z)?
1
Let v = -3 + 5. Suppose -4*g + g + 4 = -q, -4*q - 16 = -v*g. Let k(d) = -d**3 - 6*d**2 - 5*d + 3. Calculate k(q).
-9
Let m(b) = b + 2. Let z(j) = 1. Let o(v) = -6*m(v) + 11*z(v). Let c be o(-1). Suppose -c*k - 1 = -4*k. Let t(g) = 11*g**3 + g**2 + g + 1. What is t(k)?
-10
Let w(f) = -2 + 0 - 2*f + f**2 - 3. Suppose -4*o - 3 = 17, 3*r + 5*o = -25. Suppose r = -2*g + 8. Determine w(g).
3
Let o be -2 + (-2)/(-5)*15. Let i(b) = -8*b. What is i(o)?
-32
Let h be 33/15 + -3 + (-1)/5. Let g(o) = 7*o. Calculate g(h).
-7
Suppose w - 3 = 2*w. Let n = 3 + w. Let x(z) = -z**2 + z + 9. Determine x(n).
9
Let g(a) = 2*a**2 - 4*a + 2. Let i be g(2). Let w(t) = -3*t + 2 + 2*t**3 - t**3 - 2*t**i + 1. Determine w(2).
-3
Let k(t) = -t**2 - 7*t - 8. Suppose 2*w - 2*f - 4 = 2*f, -22 = 5*w - 2*f. Give k(w).
-2
Suppose 0 = -3*i - 2*a + 45 - 2, -70 = -5*i - 3*a. Let h(b) = 12*b**2 - 4 - i*b**2 + 1 + 6*b. Calculate h(-4).
-11
Let z(s) = 5*s + 3. Let o(l) = -2*l - 1. Let k(w) = -11*o(w) - 4*z(w). Calculate k(-2).
-5
Suppose 15 = c - 2*c - 3*v, 0 = -5*c - v - 19. Let z(h) = -h**3 - 3*h**2 - 2*h - 2. Determine z(c).
4
Let i(z) = -2*z + 2. Let q be (1 + -4)*6/9. Let r be 6 + q + -2 - 5. Calculate i(r).
8
Let h(m) be the second derivative of -m**3/6 - 7*m**2 + 39*m. Calculate h(-10).
-4
Let s(w) = -8*w**2 - 1. Let l(o) = -24*o**2 - 3. Let p(q) = -3*l(q) + 8*s(q). Suppose 0 = -7*a + 6*a + 1. Determine p(a).
9
Let q(x) = 2*x + 5. Let d(l) be the first derivative of -3*l**2/2 - 5*l - 2. Let a(g) = -3*d(g) - 4*q(g). Let p be (-1 - (1 - 3)) + 3. Calculate a(p).
-1
Let f = 25 - 24. Let s(o) = -f + 0*o - 2 - 2*o - 3*o - o**2. Determine s(-5).
-3
Let q be ((-3)/(-2))/(-1*(-4)/8). Let m(w) be the first derivative of q*w - 4/3*w**3 + 1/4*w**4 + 3 - 3/2*w**2. Calculate m(4).
-9
Let b(q) = -23*q - 1. Suppose 0 = -4*j + 5*n + 6, -6*n = -3*j - 11*n - 13. Give b(j).
22
Let t(j) be the third derivative of -j**5/60 + j**4/4 + j**3 - j**2. Suppose 0 = -d + 5*d - 8. Suppose 20 = 4*z + z - d*v, -4*z + 39 = 3*v. What is t(z)?
6
Let f(u) = 3 + u - 13 - 1. Calculate f(6).
-5
Let q(n) = 1 - 3 + 3 - n - 19*n**2. Give q(1).
-19
Let b(j) = 2*j - 3. Let y = -25 + 31. Suppose n + y = 3*n. What is b(n)?
3
Suppose -b + 1 = 3*i - 0, -15 = 5*i + 5*b. Let p(q) be the second derivative of -1/3*q**3 - q**i + 0 + 1/12*q**4 + q. Give p(3).
1
Suppose -j + 3*u = 6, -2*j - 10 = 3*j - 5*u. Let t(x) = 6 + x - 5 + j. Determine t(-1).
0
Suppose 0 = -5*y - 17 - 33. Let v be y + 11 + (-3 - -1). Let i(t) = -3*t**3 + t**2 + t + 1. What is i(v)?
4
Let a(w) = w**2 + w - 1. Let j(l) be the first derivative of -l**4/4 + l**3 - 3*l**2/2 + 3*l - 4. Let s be j(2). What is a(s)?
1
Let u(y) = y**2 - 7*y + 2. Suppose -3 = -2*p + 3*i, 2*p + 21 = 6*p - i. Give u(p).
-4
Let f(y) = -y**3 - 5*y**2 + 2*y. Let w = 113 + -118. What is f(w)?
-10
Let j(u) = -u**3 - 5*u**2 - 6*u - 5. Let t be j(-4). Let a(w) = 3*w - 4. Calculate a(t).
5
Let r(m) = -5*m**3 + m**2 + m. Suppose 0 = -9*f + 6 - 15. What is r(f)?
5
Suppose 0*v = -v + 1. Let h(i) = 11*i**2 + 3. Let p(b) = -12*b**2 - 4. Let w(l) = 5*h(l) + 4*p(l). Calculate w(v).
6
Let d(p) = p**3 + 6*p**2 + 7*p + 4. Let l be d(-5). Let c(n) = n + 4. Calculate c(l).
-2
Let g(v) = -2*v**3 - 2*v**2 + v + 1. Let q be 3/2*16/12. Determine g(q).
-21
Let n(p) = -p**2 + 4*p - 1. Let z be n(4). Let m be 1 + ((-12)/3 - z). Let g(q) = -3*q. Determine g(m).
6
Suppose 2*c = 3*s - 24, -32 = s - 5*s + 5*c. Let x(n) = -n**3 + 7*n**2 + 6*n + 10. Calculate x(s).
-6
Let x be -6*((-4)/(-6))/((-44)/33). Let y(n) = n**2 + 1. Let z(f) = -6*f**2 - f - 8. Let c(d) = 5*y(d) + z(d). Determine c(x).
-15
Let l(c) = -c - 1. Let y(g) = g**2 - g - 3. Let h(d) = -2*l(d) + y(d). Let m(f) = f**3 - 3*f**2 + f - 2. Let u be m(3). Calculate h(u).
1
Suppose -t = x - 2, 6*t + 20 = x + t. Suppose 2 = x*k - 8. Let f(m) = k*m - m + 3*m. Determine f(1).
4
Let g(t) be the third derivative of 1/24*t**4 - 1/6*t**3 + 1/120*t**6 - 1/15*t**5 - 2*t**2 + 0 + 0*t. Suppose 2 + 2 = h. Calculate g(h).
3
Let u be ((-1)/(-1))/(2/(-14)). Let h(c) = c**2 + 9*c + 2. Determine h(u).
-12
Let j(i) = 2*i - 9. Let c be j(4). Let h(k) = 27*k - 7. Let a(z) = 13*z - 3. Let s(w) = -9*a(w) + 4*h(w). Calculate s(c).
8
Suppose -6 + 0 = x. Let j(s) = s + 5. Give j(x).
-1
Suppose -3*i - 9 = -2*m, 0*i = 4*i + 3*m - 5. Let d(a) be the first derivative of a**4 - 2*a**3/3 + a - 1. Give d(i).
-5
Suppose -n - 4*c - 2 = 0, -2*n - 6 = 2*c + 4. Let v = 9 + n. Let s(o) = o**2 - 6*o - 1. Calculate s(v).
-10
Let j(v) = 3*v + 4. Let k(s) = -2*s - 3. Let m(g) = 5*j(g) + 8*k(g). Determine m(-4).
0
Suppose -6*j + 5*j = 5*u + 25, 3*u - 2*j + 15 = 0. Let w(i) be the first derivative of i**3/3 + 5*i**2/2 - 2*i + 2. Determine w(u).
-2
Let w = -17 + 8. Let z = -9 - w. Let o(y) = y**2 + 4*y + 10 + z*y - 17. What is o(-5)?
-2
Let y(s) = -s**3 + 6*s**2 - 2*s + 13. Let p be (-4)/(-10) + (-280)/(-50). Let m be y(p). Let h(u) = 0 - 3 - 4*u + 2. Calculate h(m).
-5
Let y = 10 + -13. Let l be 2/(-8) + (-9)/(-4). Let j = y + l. Let s(a) = 4*a. Calculate s(j).
-4
Let s(t) be the second derivative of t**5/20 - 5*t**4/12 + t**3/3 - 2*t**2 - 3*t. What is s(5)?
6
Suppose -31 + 4 = 9*u. Let h(b) = 6*b + 3. Give h(u).
-15
Let a(h) be the third derivative of -h**6/120 + h**5/60 + 2*h**3/3 + 6*h**2. Give a(0).
4
Let v(z) = 6 + 7 - 9 + z. What is v(4)?
8
Suppose -2*g = -2 + 6. Let v(u) = -u - 1. Calculate v(g).
1
Let n(l) = -l**2 + 6*l - 3. Suppose 3*a - 5*a + 8 = 0. Determine n(a).
5
Suppose 0 = -4*c + 6*c - 8. Suppose -1 + 7 = 3*o. Let r(a) = 9 + 3*a + 4*a - c*a - o*a. What is r(0)?
9
Let b(z) = 2*z - 1. Let t(y) = -y**3 + 3*y**2 + 1. Let l be t(2). Suppose o = 25 - l. Let g be o/8 + 2/(-4). What is b(g)?
3
Let y(x) be the second derivative of -x**5/60 - x**4/24 - 3*x**3/2 - 8*x. Let k(s) be the second derivative of y(s). Suppose -f - 5 = -3. What is k(f)?
3
Let u(h) = -3*h - 18. Let c(s) = 1. Let d(z) = 18*c(z) + u(z). Suppose 4 = r + 3. Give d(r).
-3
Let m = 22 - 31. Let j(z) = 3*z + 8. Let o(x) = 10*x + 23. Let p(t) = -7*j(t) + 2*o(t). Let r be p(m). Let a(n) = -3*n**3 - n**2 + 1. What is a(r)?
3
Suppose -2*k - 2*z + 6 = -12, 5*k = 3*z + 5. Let x(q) = 3 + q - 3 - k. Let d be ((-2)/(-5))/(7/(-70)). Calculate x(d).
-8
Let c(y) = y**3 + y + 1. Suppose 3*z + 3 = -3*r + 18, 0 = 4*r - z - 40. Let w = -9 + r. What is c(w)?
1
Suppose -5*s - 11 = 4*n, 9 = 4*n + 5. Let k(y) = 4 + 2*y - 2*y + 4*y + y**2. Calculate k(s).
1
Let u(r) be the second derivative of -r**5/20 + r**4/2 + r**3/3 - 7*r**2/2 + 28*r. What is u(6)?
5
Let i(u) = u**3 - 3*u**2 - 2*u + 1. Let y(b) be the first derivative of -b**2/2 + b + 2. Let r be y(-1). Give i(r).
-7
Let u(i) = -2*i - 1. Let o(p) = 3*p + 2. Let v(r) = 3*o(r) + 4*u(r). Suppose -16 = -x + 5*f, 10*f - 5*f = -4*x + 14. Suppose -2*j = -2 + x. Calculate v(j).
0
Let i(o) = o. Let l(p) = p**2 - 3*p - 1. Let f be l(3). Let n(b) = b**2 + 4*b. Let v(y) = f*n(y) + 6*i(y). Give v(2).
0
Let x = 49 - 43. Let l(p) = -p**3 + 5*p**2 + 9*p - 8. Determine l(x).
10
Let f(x) = -7*x + 31. Let d(t) = -11*t + 47. Let m(r) = 5*d(r) - 8*f(r). What is m(0)?
-13
Let a(k) = 0*k**3 + 3*k**3 + 3*k - 4*k**3 + 0 + 3 - 3*k**2. Suppose 2*q = -2*u - 6, -u - 4 - 7 = 5*q. What is a(q)?
-7
Let k(b) = b**2 + 5*b - 3. Let q(c) = -4*c + 3. Let l(v) = -2*k(v) - 3*q(v). Give l(2).
-7
Let p(a) = -a**2 - 6*a + 6. Suppose 0 = -5*s + 199 + 16. Suppose 4*x + 17 = 2*x - k, s = -4*x - 5*k. Calculate p(x).
-1
Suppose -5*w + 8 = -2. Let b(t) = w*t**2 + 6*t**2 - t - 4*t - 2*t - 4 - t**3. Let n be b(7). Let h(c) = -c**3 - 4*c**2 + 2*c + 5. Determine h(n).
-3
Let p(j) = -j**2 + 7*j + 1. Let t = 49 - 42. Determine p(t).
1
Let l(p) = p**2 - 53*p**3 + 52*p**3 - 2*p**2 - 10. What is l(0)?
-10
Let m be (1 - (2 - 3))*1. Suppose -c - m*c = -9. Let w(v) = -v**2 + 2*v - c*v**2 + 9*v**2 - 4 + v**3. Give w(-3).
8
Let z(f) be the second derivative of f**4/6 + 5*f**3/6 + f**2 - 6*f. Calculate z(-3).
5
Suppose 8*z + 15 = 13*z. Let a(y) be the second derivative of -3/2*y**2 - z*y + 0 + 1/2*y**3. Calculate a(3).
6
Let r(d) be the second derivative of -d**7/840 - d**6/90 + d**5/20 - d**4/12 - 2*d**3/3 - d. Let i(g) be the second derivative of r(g). Calculate i(-5).
-7
Let m(t) = -2*t + 1. Suppose -16 = -2*x - 2*s, -20 = -2*x - 3